 = -2*a + 7. Let d be f(6). What is the units digit of (1 - d) + -1 + q?
4
Let d(b) = -b**2 - b - 2. Let y be d(0). Let f = y + 0. Let j(p) = -4*p + 1. What is the units digit of j(f)?
9
Let l be (21/(-14))/((-3)/8). Suppose -k + 30 = l*k. Suppose -5*x = 4*g - 8, -2*g + 0 - k = 0. What is the units digit of x?
4
What is the units digit of ((-123)/9)/(4/(-12))?
1
Suppose -33 = -5*g - 13. What is the units digit of g?
4
Let f = 6 - 10. Let d = f + 9. Suppose d*k - 8 = 7. What is the units digit of k?
3
Let s be ((-6)/(-8))/(3/(-156)). Let f be (-786)/s + 2/(-13). What is the tens digit of f - (-1 + 0 + 1)?
2
Let v(s) = -39*s**3 + 2*s**2 + s. Let y be v(-1). Suppose -6*d + y = -2*d. What is the units digit of d?
0
Let f(l) = 0*l**3 - l**3 + 3*l + 2*l**3 - 5 - l**2 + 4. What is the units digit of f(2)?
9
Let v = 81 - 21. What is the units digit of v?
0
Let l = 52 - 21. Suppose l = 6*v - 3*v - 4*i, -29 = -5*v + i. What is the units digit of v?
5
Let x(y) = -2*y + 2. Let u be x(-2). Suppose -2*s = -8 - u. Suppose m = s + 6. What is the tens digit of m?
1
Suppose c - 4*i - 257 = 0, -i - 242 = 6*c - 7*c. What is the units digit of c?
7
Let t(i) = i**2 + 5*i + 19. What is the units digit of t(-8)?
3
Let y(u) = u**3 - u**2 - u + 19. Let k be y(0). What is the units digit of 24/(-8) + k + -1?
5
Suppose b - 5*b + 266 = -2*k, 69 = b - 3*k. What is the tens digit of b?
6
Let g(i) = i**2 + i - 1. Suppose -2*r - 3*r = 10. Let p be g(r). What is the units digit of 8/4 - p*-1?
3
Let b(d) = -5*d**3 - d**2 + 3*d - 4. Let i(w) = 9*w**3 + 3*w**2 - 5*w + 7. Let z(j) = -5*b(j) - 3*i(j). What is the units digit of z(-3)?
7
Let u(m) = 3*m - 10. Let q be u(5). Suppose 3*g - q*j = 41, 3*g + 3*j - 33 = -0*j. What is the tens digit of g?
1
Suppose m - 12 = 2*u, m + 0*u - 7 = 3*u. Suppose m = -2*v + 4*v. What is the tens digit of v?
1
Suppose -3*x = -5*h - 2, -1 = -h + 1. Let m be -1 + (1 - x)*-1. Suppose 4*y + 3 = o + 9, -m*y - o = 0. What is the units digit of y?
1
Let h = 33 + -16. Suppose 2*d = 4*g - 2, -g - 4*d + h = -2*g. Let q = g + -2. What is the units digit of q?
1
Let b = 156 + -77. What is the tens digit of b?
7
Suppose -23 = -5*k + 4*x + 109, -33 = -2*k - 5*x. What is the tens digit of k?
2
Suppose -5 = k + 1. Let y = k + 4. What is the units digit of 7 - (2 - (-6)/y)?
8
Let l be (6/(-9))/(1/3). Let b(p) = -p**3 + 2*p**2 + 2*p - 2. What is the units digit of b(l)?
0
Let g(j) = -3*j**2 + 9*j - 7. Let h(i) = -i**2 + 4*i - 4. Let t(z) = -2*g(z) + 5*h(z). What is the units digit of t(5)?
9
Let a(i) = 2*i**2 + 4*i + 2. What is the units digit of a(-4)?
8
Let p(y) = -y. Let v be p(-2). Let s be (-6 - 1)*(-4 - -2). Suppose 4*z + v*q - s = 0, 2*z - 9 = -z - 2*q. What is the units digit of z?
5
Suppose -2*a = a + 9. Let j = 5 + a. What is the units digit of j?
2
Suppose 2*v - 44 = -2*v + k, v = -2*k + 20. What is the units digit of v?
2
Let b(p) = 11*p**3 + 3*p + 15. Let z(g) = -5*g**3 - g - 7. Let y(a) = -4*b(a) - 9*z(a). What is the units digit of y(2)?
5
Let t(h) = -h**3 - 7*h**2 - 4*h + 5. Let j be t(-6). Let w(k) = 2*k + 7. Let o(r) = -3*r - 11. Let x(m) = -5*o(m) - 8*w(m). What is the units digit of x(j)?
6
Let l(j) = 3*j**2 + 7*j + 2. What is the units digit of l(-6)?
8
Suppose 5*d = 2*d + 606. What is the hundreds digit of d?
2
Let b(d) = 3*d**2 - 4*d + 3. Let x = 1 - -1. What is the units digit of b(x)?
7
Let u(p) = -p**3 - p**2 - p - 1. Let k be u(-2). Suppose 1 = -5*o + 21. Suppose -k*a - 3*g = -19, 0 = -o*a - 2*g + 14. What is the units digit of a?
2
Suppose s + 3*s - 20 = 0. Let i(c) = 2 - s + 2*c + 0*c - 5*c. What is the units digit of i(-2)?
3
Let q be (-2)/5 + (-516)/(-15). Let b = 17 - q. Let j = b + 25. What is the units digit of j?
8
Let b(q) = 8*q + 3*q**2 - 3*q**2 + 2*q**2 - 6. Let j be b(-6). Let p = -9 + j. What is the units digit of p?
9
Let m = -32 - -47. What is the units digit of 5/(m/27) + 1?
0
Let f = 6 - -6. Let m = f - 0. What is the units digit of m?
2
Let m(f) = -f**3 + 6*f**2 + 8*f - 7. Let j be m(5). Let h = -34 + j. What is the tens digit of h?
2
Suppose -5*a = 2*r - 16 - 158, -3*r - 81 = -2*a. Let w(u) = -u**2 - 6*u - 3. Let h be w(-5). Suppose -2*i - h*i + a = 0. What is the units digit of i?
9
Suppose 10*p - 65 = 5*p. Suppose p = k - z - 14, 0 = -4*k - 2*z + 78. Let f = -16 + k. What is the units digit of f?
6
Let t be (-111)/(-1)*3/9. Suppose t = 4*q - 143. Suppose 0 = -6*b + b + q. What is the units digit of b?
9
What is the units digit of 2 - 4 - (-23 + 2)?
9
Let s be (0 + 1)/((-1)/(-4)). Suppose 0 = 3*k, -3*z - k = -s*z - 75. What is the units digit of 2/(-6) + z/(-9)?
8
Let g(i) = 3*i**2 + 10*i + 3. What is the tens digit of g(-5)?
2
Let p be 4/(-10) + 6/15. Suppose p = 2*j + 10, 2*z + 4*j + 6 = -0*j. Let k = z + 2. What is the units digit of k?
9
Let q = -6 + 0. Let r = 15 + q. Suppose r = 4*x - 15. What is the units digit of x?
6
What is the units digit of 1738/4 - ((-30)/(-4))/5?
3
Let h(o) = 3*o**2 - 13*o + 9. Suppose 0 = -3*p + 5*p - 12. What is the tens digit of h(p)?
3
Let a(m) = 3*m**2. What is the units digit of a(2)?
2
Let m(x) = -18*x - 39. What is the units digit of m(-6)?
9
Suppose 5 = 4*z + z. Let n be 1/2*z*0. Let q = n - -1. What is the units digit of q?
1
What is the tens digit of (-176)/(-10) + (-2)/(-5)?
1
What is the units digit of -2 + 30/(1 - -2)?
8
What is the tens digit of (38/3)/(6 - (-124)/(-21))?
3
Let k = -40 + 58. Suppose g - k = -3*o, 5*g = o + 25 + 1. What is the units digit of g?
6
Let x be 1/(-2) + (-22)/4. Let i(b) = b**3 + 6*b**2 - b + 7. What is the tens digit of i(x)?
1
What is the tens digit of (1/1)/((-4)/(-76))?
1
Let l = -1 + 3. Suppose -4*s = -l*s - 26. What is the tens digit of s?
1
Suppose 1 = n - 1. What is the units digit of n?
2
Let a = -2 + 0. What is the tens digit of -3 - (2 - -26)/a?
1
Let y(g) = 3*g - 2. What is the tens digit of y(7)?
1
Let f = 11 - -2. Let x = 19 - f. What is the units digit of x?
6
Suppose -2*n + 1 = -23. Suppose -3*b + m = -17 - n, -2*m - 34 = -3*b. Suppose 4 = p - y - 0, 5*p + y = b. What is the units digit of p?
2
Let y(v) = -v + 10. Let m be ((-2)/6)/((-8)/168). What is the units digit of y(m)?
3
What is the hundreds digit of 21600/64 - 6/4?
3
Suppose 2*r = -8 - 0. Let y be 0/(r/2) - -4. Suppose -y*m + 59 = 3*u - 0, 90 = 5*u + 5*m. What is the units digit of u?
3
Let g = -8 - -19. What is the tens digit of g?
1
Suppose 2*y + 3*v = 16, -2*y - v = -1 - 7. Let o be 3/y*(-3 - -5). What is the units digit of -3*o/6*-2?
3
What is the hundreds digit of ((-36)/42)/(3/(-399))?
1
Let a = 21 + -16. Suppose 0 = 2*t + a*u - 20, -t = 3*t + 4*u - 52. What is the units digit of t?
5
Let u be 2/4*-4 + 2. Suppose -5*c + 84 - 24 = u. What is the tens digit of c?
1
Let o(r) be the first derivative of r**2/2 - 4*r + 3. Let q be o(7). Suppose 0 = -q*j + j + 4. What is the units digit of j?
2
Suppose 2*i - 2*v = 128, 10*v - 5*v = -i + 52. What is the units digit of i?
2
Suppose -3*y - 2*b = -9, -4*y - 2*b + 5 + 7 = 0. Suppose -85 = -y*d - 4*p, 4*d - 2*p - 84 = -0*p. What is the units digit of d?
3
Let d(w) = 113*w**2 + 3*w + 1. What is the tens digit of d(-1)?
1
Let t(v) = 63*v - 4. What is the tens digit of t(1)?
5
Suppose -2*c - z - 4*z = -4, 0 = z. Suppose 0 = 5*y - c*y - 81. What is the units digit of y?
7
Let b(p) = 30*p**3 + p**2. What is the units digit of b(1)?
1
Suppose -10 = 2*q - 2*w, 4*w = -5*q + 2*q + 6. Let x(y) = -y**2 - 5*y - 5. Let c be x(-5). Let h = q - c. What is the units digit of h?
3
Let v(c) be the third derivative of c**5/60 + c**4/12 - c**3 - c**2. Let d be v(-5). Suppose -4*k = -2*g + 38, d*g - k = 4*g + 59. What is the tens digit of g?
1
Let x(v) = v**3 + 8*v**2 - 11*v - 13. Let i be x(-9). Let t = i - 7. Let q = t - -3. What is the units digit of q?
1
Suppose -4 + 24 = -4*r. Let b = r - -31. What is the tens digit of b?
2
Let r(m) = 17*m - 95. What is the units digit of r(22)?
9
Let t = 225 + -52. What is the hundreds digit of t?
1
Let c = -6 + 8. Let a = c - 0. What is the units digit of a?
2
Let b(l) = -2 - 5 - l + 6 - 24*l. Let p be b(-1). Suppose 0 = z + z - p. What is the tens digit of z?
1
Let u(s) = s**2 + 3*s + 3. What is the units digit of u(-2)?
1
Suppose -1 = q - 5*m, 1 + 3 = -4*q - 5*m. Let z be 4*2*(3 + q). What is the units dig